et u = p + n. List the prime factors of u.
2
Let q(p) = p**3 - 5*p**2 + p - 7. Let l be q(5). Let c = l - -7. List the prime factors of c.
5
Let q = -132 - -210. List the prime factors of q.
2, 3, 13
Let n(h) = h**3 - h + 12. Suppose 6*a - 10 = a. Suppose 4*x = -a*f - x, -3*x = -3*f. List the prime factors of n(f).
2, 3
Let f(q) = q + 7. Let m be f(-5). Let a be 4 + (-2)/(m + -4). What are the prime factors of -5*((-4)/a - 1)?
3
Let z = -15 - -11. What are the prime factors of (-3)/(z/(20*2))?
2, 3, 5
Let l = 17 - 9. Let q(b) = -b**3 + 7*b**2 + 2*b - 5. Let f be q(7). Let d = f + l. List the prime factors of d.
17
Suppose 5*j - 2*j = 105. List the prime factors of j.
5, 7
Let i = 111 + -23. What are the prime factors of i?
2, 11
Suppose -3*k + 160 - 22 = 0. What are the prime factors of k?
2, 23
Suppose j - 5 + 3 = 0. Suppose -5*n + 42 = 2*o - j*n, -4*o - 5*n = -80. List the prime factors of o.
3, 5
Suppose -q + 2 + 29 = 0. What are the prime factors of q?
31
Let y = 3 - -4. Let o = y + -2. Let n(i) = 3*i - 5. What are the prime factors of n(o)?
2, 5
Let r(u) = u**3 - u + 2. Let c be r(-2). Let j be (3/c)/((-4)/16). List the prime factors of (6 - j)*10/6.
5
Suppose 5*m - 144 = -3*c, 0*c + 3*c = -3*m + 150. What are the prime factors of c?
53
Suppose -5*o = -5 - 5. Suppose -2*c + 5*p + o = p, -35 = -5*c - 5*p. Let n = c + -3. List the prime factors of n.
2
Suppose 1 = z - 0. Suppose 4*i + g - 8 = 0, 10 = 5*i + 4*g - 0*g. What are the prime factors of (z - i)/(4/(-24))?
2, 3
Suppose -3*y + 4*s + 201 = 0, 0 = -5*y - 5*s - 96 + 466. What are the prime factors of y?
71
Let k(q) = 2. Let d(g) = g - 3. Let m(b) = -5*d(b) - 6*k(b). Suppose -t + 12 = -3*r - 2*r, 0 = r - 4*t - 9. What are the prime factors of m(r)?
2, 3
Suppose -z + 4*h - 8*h = -6, 0 = 3*z + h - 7. Let w be (0/z)/1*1. List the prime factors of -1*(-1 - w)*5.
5
Let i be 8/(-20) - (-2)/5. Suppose i*j - 4*j + 180 = 0. Suppose -3*t + p + 37 = -3*p, 4*t = p + j. What are the prime factors of t?
11
Let x(s) = s**2 + 6*s - 3. Let o = 4 - 11. Let a be x(o). Suppose 65 = 2*q + 3*q - a*v, -v = 2*q - 39. List the prime factors of q.
17
Let w(g) = -g. Let p be w(-3). Suppose -5*q - z + 1 - 3 = 0, q - 4*z - 8 = 0. Suppose 18 = -f + 5*s, 0 = p*s - 12 - q. List the prime factors of f.
2
Let l = 4 + -4. Suppose l = q - 4. Suppose 0*n = 2*n - q. What are the prime factors of n?
2
Let i be -47 + 0 + 1 - -1. Let x = -21 - i. List the prime factors of x.
2, 3
Let d = 12 - 22. Let k(n) be the third derivative of n**5/60 + 5*n**4/12 + 3*n**3/2 - n**2. List the prime factors of k(d).
3
Let d be -2 + 1 + 1 + 24. Suppose -d = 3*u - 6*u. List the prime factors of u.
2
Suppose 0*w + 15 = 5*w. Let y(j) = -4*j**2 + 5*j + 5*j**2 - w - 4*j. What are the prime factors of y(-3)?
3
Suppose 0 = 3*y - 3*t - 261, 3*y - 4*t = t + 253. List the prime factors of y.
7, 13
Let y be ((-6)/(-2) - -1) + -1. Suppose 4*g + m - 18 = -0*m, y*m = -3*g + 18. Suppose -b = g*s + b - 64, 3*s = -4*b + 58. What are the prime factors of s?
2, 7
Suppose -270 + 50 = -5*x - 5*q, -5*q = x - 44. What are the prime factors of x?
2, 11
Let a be (-5*3/(-3))/1. Suppose a*w + 20 = 130. List the prime factors of 2/2*w/2.
11
Let n = 11 + -12. List the prime factors of -3 + 1 - 9/n.
7
Suppose -5*n + 230 + 152 = -4*s, 0 = n + 3*s - 65. What are the prime factors of n?
2, 37
Let v be -3 + -2 + 4 + -9. Let h = 21 + v. List the prime factors of h.
11
Let v be (-1 - -2)/(1/2). Suppose 0 = 2*g + v - 6. Suppose -g*u = 2*u - 52. List the prime factors of u.
13
Let j = 24 - -305. List the prime factors of j.
7, 47
Suppose 233 = 5*t + 73. What are the prime factors of t?
2
List the prime factors of (-160)/(-12)*(-12)/(-5).
2
Let w(q) = -q**2 - 11*q + 3. List the prime factors of w(-9).
3, 7
What are the prime factors of 178/(5 + (-8)/2)?
2, 89
List the prime factors of 184/10 - 4/10.
2, 3
Let u(r) = r**3 - r**2 + 21. Suppose -m + 8 = 3*m - 4*c, -5*c - 10 = -3*m. List the prime factors of u(m).
3, 7
Let q = 30 + -43. Let n = q + 21. Suppose -2*s = -0*s - n. List the prime factors of s.
2
Suppose 0 = 4*m - 5*f + 57, -m + 0 + 12 = 4*f. Let h(a) = -a - 6. Let u be h(m). Suppose 47 = 2*j + 3*j - r, 49 = 5*j - u*r. List the prime factors of j.
3
Let j(x) = -x**3 + 6*x**2 - 2*x. Let c be j(6). What are the prime factors of 3*((-112)/c + -3)?
19
Let g(s) = 3*s**2 - s + 1. Suppose -4*h = -3*h. Let p(l) = l - 2. Let w be p(h). List the prime factors of g(w).
3, 5
Suppose -v + 2*v = 0. Let j(c) = -5*c**2 - 5*c + 5. Let m(x) = 4*x**2 + 4*x - 6. Let n(a) = -3*j(a) - 4*m(a). What are the prime factors of n(v)?
3
Suppose -4*d = 3*q + 20, -2*q = -4*d + q + 4. Let p = -1 - d. Suppose -p = y - 5*g, 0*y - 4*g - 2 = -y. List the prime factors of y.
2, 7
Suppose 10*s - 8*s - 168 = 0. What are the prime factors of s?
2, 3, 7
Let x = 93 + -149. Let w be x/(-10) + 12/(-20). Suppose -l = -3*l - 2*f + 12, w*f - 15 = 0. What are the prime factors of l?
3
Suppose -2*r - 4*g + 512 = 0, -4*r + 778 + 255 = -g. What are the prime factors of r?
2, 3, 43
Let o = 378 - 99. List the prime factors of o.
3, 31
Let g = 4 + -1. Suppose -2*j = -g*n - 18, 2*n - 3*n = -3*j + 20. Suppose 2*m - j - 18 = 0. What are the prime factors of m?
2, 3
Suppose -2*m + 5*m + 9 = g, 26 = 5*g + 4*m. Suppose -5*o = -6*o + g. List the prime factors of o.
2, 3
Let w(x) be the first derivative of x**4/4 - x**3/3 + 13*x + 2. Let d be w(0). What are the prime factors of d/2 - (-2)/4?
7
Let p be (-12)/(-6)*14/4. Let i = p + -2. List the prime factors of i.
5
Suppose b + 0*b - 71 = 0. List the prime factors of b.
71
Let n(s) = s**3 + 2*s - 1. Let d be n(1). Suppose -d*b + 2*c = -36, -4*b - 2*c + 56 = 2*c. What are the prime factors of 6*(b/6 - 2)?
2
Let x be -1 - (9/(-36) - 11/4). Suppose v - 2*v = 0. Suppose 4*c - 4 = -x*h - v*h, -4*c - 66 = -5*h. List the prime factors of h.
2, 5
Let q(f) = 3*f - 5. Let k be q(6). Suppose 2*p + 84 = 4*v, -3*p - 18 - k = -v. What are the prime factors of v?
19
Suppose 2*p = 14 + 4. Suppose 2*o = -o + p. What are the prime factors of 15 - (-2 + o)*3?
2, 3
Suppose -c = 3*v - 17, 2*v - 4*v = -4*c + 12. Suppose -v*f + f + 89 = g, 87 = 3*f + 3*g. List the prime factors of f.
2, 3, 5
Let c(j) = j**3 - 3*j**2 - 7*j - 2. What are the prime factors of c(5)?
13
Let r = 11 - 8. Suppose -2*q = r*q + 105. Let m = -10 - q. What are the prime factors of m?
11
Let g(t) = t**2 + 5*t + 3. Let q be g(-5). Suppose -27 = -w + 3*n, -4*w = -q*n - 42 - 21. Let a = -6 + w. What are the prime factors of a?
2, 3
Suppose -5*v - 4 = -19. Let u = v + -1. What are the prime factors of u?
2
Let m be (-15)/(-2) - (-1)/(-2). Let v be 2/m + 117/7. Let i = v - 12. What are the prime factors of i?
5
Let o(s) = -3*s + 1. Let h(f) = -f**3 - 6*f**2 - f - 8. Suppose -4*y + 13 = 37. Let m be h(y). List the prime factors of o(m).
7
Suppose -2*c = -2*u - 106, 5*c - 4*c + 3*u = 49. What are the prime factors of c?
2, 13
Suppose 0 = -3*c + 5*o - 14, 2*c = 4*c - 3*o + 8. Suppose z = -i + 52, -3*i - z + 148 = -c*z. List the prime factors of i.
2, 5
List the prime factors of (-18)/2*(-19 - -10).
3
Let a(w) = w**3 - 5*w**2 + 3*w - 7. Suppose -4*v = 4*d - 12, -d + 10 = 4*v + 4*d. What are the prime factors of a(v)?
2
Let q(y) = 29*y**3 + 2*y**2 - 1. Let z be q(-1). List the prime factors of (-651)/z + 2/(-8).
23
Suppose 0 = 2*a + 8, 2*a - 3 = -5*u - 1. Suppose -u*r + 6 = -0. Suppose -r*y + 2*c + 43 = 0, -4*c = 3*y - y - 2. List the prime factors of y.
11
Let d = -19 + -103. Let y(b) = 2*b + 8. Let s be y(-6). List the prime factors of s/(-14) - d/14.
3
Let n(s) = 5*s - 3. Let x = 2 - 4. Let u be (1 + 1/x)*4. List the prime factors of n(u).
7
Let z be ((-2)/4)/(3/(-6)). Suppose -3*j = 2*h + 2*j + 3, 0 = -h + 3*j + 15. Let n = h - z. What are the prime factors of n?
5
Let q be (3 - 1)*8/4. Suppose 2*y - y - q = 0, -3*l - 3*y + 30 = 0. What are the prime factors of l?
2, 3
Suppose -4*b + 2496 = 8*b. List the prime factors of b.
2, 13
Let v = 27 + -23. Suppose 161 = 5*j + 4*z, v*j + 5*z = 2*j + 78. List the prime factors of j.
29
Let z(m) = 7*m**3 - m**2. Let q be z(1). Let y = q + -8. List the prime factors of y/((-3)/(-21)*-2).
7
Suppose f - 40 = -4*i, 5*i + 200 = 6*f - f. List the prime factors of f.
2, 5
Let x = -100 - -169. Suppose -v + 4*